{"id":1053,"date":"2023-03-19T10:29:09","date_gmt":"2023-03-19T09:29:09","guid":{"rendered":"https:\/\/e-publish.uliege.be\/beyond-the-library-collections\/?post_type=back-matter&#038;p=1053"},"modified":"2023-05-15T08:49:31","modified_gmt":"2023-05-15T06:49:31","slug":"acknowledgements","status":"publish","type":"back-matter","link":"https:\/\/e-publish.uliege.be\/beyond-the-library-collections\/back-matter\/acknowledgements\/","title":{"raw":"Acknowledgements","rendered":"Acknowledgements"},"content":{"raw":"The editors wish to thank sincerely all librarians and researchers who participated to the 2022 edition of the Erasmus Staff Training Week and shared their experiences and visions in relation to the theme of the Week: Reyes Albo (Universidad Polit\u00e9cnica de Madrid), Joris Baeyens (Ghent University), L\u00e9a Bouillet (Universit\u00e9 Toulouse Jean Jaur\u00e8s), Karin Bystr\u00f6m (Uppsala University), Camille Carette (\u00c9cole nationale des chartes), Marion Favre (EPFL), Karolina Forma (AGH University of Science and Technology), Veronica Fors (\u00d6rebro University), Elisabetta Guerra (Verona University), Martina Kassler (Karlstad University), Susanne Kirchmair (MCI Management Center Innsbruck), Carmen Lomba (Universidad de Cantabria), Debora Mazza (Consiglio Nazionale delle Ricerche), Is\u00e0vena Opisso (Universitat Aut\u00f2noma de Barcelona), Florian Prei\u00df (Deutsches Museum), Franciszek Skalski (University of Warsaw), Fr\u00e9d\u00e9ric Spagnoli (Universit\u00e9 Bourgogne-Franche-Comt\u00e9), Jennifer Van den Avijle (University of Antwerp), and Ipek Yarar (MEF University).\r\n\r\nWe express our great appreciation to Paul Thirion, Chief Librarian of the University of Li\u00e8ge, for the unwavering support he has shown to his teams for 20 years.\r\n\r\nWe also convey our appreciation to all colleagues from ULi\u00e8ge Library who, during the Erasmus Week, kindly accepted to devote their time to the animation and the supervision of workshops and visits of library branches, the heritage collections and the digitization service: Marjorie Bardiau, Dominique Chalono, C\u00e9cile Dohogne, Christophe Dony, Marie Goukens, Kevin Jacquet, Marie Jost, R\u00e9my Lhoest, C\u00e9cile Nissen, C\u00e9cile Oger, St\u00e9phanie Simon, Paul Thirion, Mathieu Uyttebrouck, and Jean-Charles Winkler.\r\n\r\nWe express our deepest thank to the team of the International Relations Office of the University of Li\u00e8ge, especially to Julie Hollenfeltz and Dominique d\u2019Arripe, for their administrative and financial support. Without their precious help, it would not have been possible to organise this eighth edition of the Erasmus Week.\r\n\r\nFor their valuable logistic and technical support during the Week, we are very grateful to Aurore Graeven (ULi\u00e8ge Library), Danielle Bartholom\u00e9us, Vinciane Godfrind, and Prof. Jean-Pierre Schneiders (ULi\u00e8ge Mathematics Department).\r\n\r\nFinally, the editors wish to thank Bernard Pochet for his advice on the use of Pressbooks to get this book into shape and to Sarah Trautes for the design of the book cover.","rendered":"<p>The editors wish to thank sincerely all librarians and researchers who participated to the 2022 edition of the Erasmus Staff Training Week and shared their experiences and visions in relation to the theme of the Week: Reyes Albo (Universidad Polit\u00e9cnica de Madrid), Joris Baeyens (Ghent University), L\u00e9a Bouillet (Universit\u00e9 Toulouse Jean Jaur\u00e8s), Karin Bystr\u00f6m (Uppsala University), Camille Carette (\u00c9cole nationale des chartes), Marion Favre (EPFL), Karolina Forma (AGH University of Science and Technology), Veronica Fors (\u00d6rebro University), Elisabetta Guerra (Verona University), Martina Kassler (Karlstad University), Susanne Kirchmair (MCI Management Center Innsbruck), Carmen Lomba (Universidad de Cantabria), Debora Mazza (Consiglio Nazionale delle Ricerche), Is\u00e0vena Opisso (Universitat Aut\u00f2noma de Barcelona), Florian Prei\u00df (Deutsches Museum), Franciszek Skalski (University of Warsaw), Fr\u00e9d\u00e9ric Spagnoli (Universit\u00e9 Bourgogne-Franche-Comt\u00e9), Jennifer Van den Avijle (University of Antwerp), and Ipek Yarar (MEF University).<\/p>\n<p>We express our great appreciation to Paul Thirion, Chief Librarian of the University of Li\u00e8ge, for the unwavering support he has shown to his teams for 20 years.<\/p>\n<p>We also convey our appreciation to all colleagues from ULi\u00e8ge Library who, during the Erasmus Week, kindly accepted to devote their time to the animation and the supervision of workshops and visits of library branches, the heritage collections and the digitization service: Marjorie Bardiau, Dominique Chalono, C\u00e9cile Dohogne, Christophe Dony, Marie Goukens, Kevin Jacquet, Marie Jost, R\u00e9my Lhoest, C\u00e9cile Nissen, C\u00e9cile Oger, St\u00e9phanie Simon, Paul Thirion, Mathieu Uyttebrouck, and Jean-Charles Winkler.<\/p>\n<p>We express our deepest thank to the team of the International Relations Office of the University of Li\u00e8ge, especially to Julie Hollenfeltz and Dominique d\u2019Arripe, for their administrative and financial support. Without their precious help, it would not have been possible to organise this eighth edition of the Erasmus Week.<\/p>\n<p>For their valuable logistic and technical support during the Week, we are very grateful to Aurore Graeven (ULi\u00e8ge Library), Danielle Bartholom\u00e9us, Vinciane Godfrind, and Prof. Jean-Pierre Schneiders (ULi\u00e8ge Mathematics Department).<\/p>\n<p>Finally, the editors wish to thank Bernard Pochet for his advice on the use of Pressbooks to get this book into shape and to Sarah Trautes for the design of the book cover.<\/p>\n","protected":false},"author":15,"menu_order":2,"template":"","meta":{"pb_show_title":"on","pb_short_title":"","pb_subtitle":"","pb_authors":[],"pb_section_license":""},"back-matter-type":[26],"contributor":[],"license":[],"class_list":["post-1053","back-matter","type-back-matter","status-publish","hentry","back-matter-type-acknowledgements"],"_links":{"self":[{"href":"https:\/\/e-publish.uliege.be\/beyond-the-library-collections\/wp-json\/pressbooks\/v2\/back-matter\/1053"}],"collection":[{"href":"https:\/\/e-publish.uliege.be\/beyond-the-library-collections\/wp-json\/pressbooks\/v2\/back-matter"}],"about":[{"href":"https:\/\/e-publish.uliege.be\/beyond-the-library-collections\/wp-json\/wp\/v2\/types\/back-matter"}],"author":[{"embeddable":true,"href":"https:\/\/e-publish.uliege.be\/beyond-the-library-collections\/wp-json\/wp\/v2\/users\/15"}],"version-history":[{"count":9,"href":"https:\/\/e-publish.uliege.be\/beyond-the-library-collections\/wp-json\/pressbooks\/v2\/back-matter\/1053\/revisions"}],"predecessor-version":[{"id":1255,"href":"https:\/\/e-publish.uliege.be\/beyond-the-library-collections\/wp-json\/pressbooks\/v2\/back-matter\/1053\/revisions\/1255"}],"metadata":[{"href":"https:\/\/e-publish.uliege.be\/beyond-the-library-collections\/wp-json\/pressbooks\/v2\/back-matter\/1053\/metadata\/"}],"wp:attachment":[{"href":"https:\/\/e-publish.uliege.be\/beyond-the-library-collections\/wp-json\/wp\/v2\/media?parent=1053"}],"wp:term":[{"taxonomy":"back-matter-type","embeddable":true,"href":"https:\/\/e-publish.uliege.be\/beyond-the-library-collections\/wp-json\/pressbooks\/v2\/back-matter-type?post=1053"},{"taxonomy":"contributor","embeddable":true,"href":"https:\/\/e-publish.uliege.be\/beyond-the-library-collections\/wp-json\/wp\/v2\/contributor?post=1053"},{"taxonomy":"license","embeddable":true,"href":"https:\/\/e-publish.uliege.be\/beyond-the-library-collections\/wp-json\/wp\/v2\/license?post=1053"}],"curies":[{"name":"wp","href":"https:\/\/api.w.org\/{rel}","templated":true}]}}

The editors wish to thank sincerely all librarians and researchers who participated to the 2022 edition of the Erasmus Staff Training Week and shared their experiences and visions in relation to the theme of the Week: Reyes Albo (Universidad Politécnica de Madrid), Joris Baeyens (Ghent University), Léa Bouillet (Université Toulouse Jean Jaurès), Karin Byström (Uppsala University), Camille Carette (École nationale des chartes), Marion Favre (EPFL), Karolina Forma (AGH University of Science and Technology), Veronica Fors (Örebro University), Elisabetta Guerra (Verona University), Martina Kassler (Karlstad University), Susanne Kirchmair (MCI Management Center Innsbruck), Carmen Lomba (Universidad de Cantabria), Debora Mazza (Consiglio Nazionale delle Ricerche), Isàvena Opisso (Universitat Autònoma de Barcelona), Florian Preiß (Deutsches Museum), Franciszek Skalski (University of Warsaw), Frédéric Spagnoli (Université Bourgogne-Franche-Comté), Jennifer Van den Avijle (University of Antwerp), and Ipek Yarar (MEF University).

We express our great appreciation to Paul Thirion, Chief Librarian of the University of Liège, for the unwavering support he has shown to his teams for 20 years.

We also convey our appreciation to all colleagues from ULiège Library who, during the Erasmus Week, kindly accepted to devote their time to the animation and the supervision of workshops and visits of library branches, the heritage collections and the digitization service: Marjorie Bardiau, Dominique Chalono, Cécile Dohogne, Christophe Dony, Marie Goukens, Kevin Jacquet, Marie Jost, Rémy Lhoest, Cécile Nissen, Cécile Oger, Stéphanie Simon, Paul Thirion, Mathieu Uyttebrouck, and Jean-Charles Winkler.

We express our deepest thank to the team of the International Relations Office of the University of Liège, especially to Julie Hollenfeltz and Dominique d’Arripe, for their administrative and financial support. Without their precious help, it would not have been possible to organise this eighth edition of the Erasmus Week.

For their valuable logistic and technical support during the Week, we are very grateful to Aurore Graeven (ULiège Library), Danielle Bartholoméus, Vinciane Godfrind, and Prof. Jean-Pierre Schneiders (ULiège Mathematics Department).

Finally, the editors wish to thank Bernard Pochet for his advice on the use of Pressbooks to get this book into shape and to Sarah Trautes for the design of the book cover.

<p>The editors wish to thank sincerely all librarians and researchers who participated to the 2022 edition of the Erasmus Staff Training Week and shared their experiences and visions in relation to the theme of the Week: Reyes Albo (Universidad Politécnica de Madrid), Joris Baeyens (Ghent University), Léa Bouillet (Université Toulouse Jean Jaurès), Karin Byström (Uppsala University), Camille Carette (École nationale des chartes), Marion Favre (EPFL), Karolina Forma (AGH University of Science and Technology), Veronica Fors (Örebro University), Elisabetta Guerra (Verona University), Martina Kassler (Karlstad University), Susanne Kirchmair (MCI Management Center Innsbruck), Carmen Lomba (Universidad de Cantabria), Debora Mazza (Consiglio Nazionale delle Ricerche), Isàvena Opisso (Universitat Autònoma de Barcelona), Florian Preiß (Deutsches Museum), Franciszek Skalski (University of Warsaw), Frédéric Spagnoli (Université Bourgogne-Franche-Comté), Jennifer Van den Avijle (University of Antwerp), and Ipek Yarar (MEF University).</p>
<p>We express our great appreciation to Paul Thirion, Chief Librarian of the University of Liège, for the unwavering support he has shown to his teams for 20 years.</p>
<p>We also convey our appreciation to all colleagues from ULiège Library who, during the Erasmus Week, kindly accepted to devote their time to the animation and the supervision of workshops and visits of library branches, the heritage collections and the digitization service: Marjorie Bardiau, Dominique Chalono, Cécile Dohogne, Christophe Dony, Marie Goukens, Kevin Jacquet, Marie Jost, Rémy Lhoest, Cécile Nissen, Cécile Oger, Stéphanie Simon, Paul Thirion, Mathieu Uyttebrouck, and Jean-Charles Winkler.</p>
<p>We express our deepest thank to the team of the International Relations Office of the University of Liège, especially to Julie Hollenfeltz and Dominique d’Arripe, for their administrative and financial support. Without their precious help, it would not have been possible to organise this eighth edition of the Erasmus Week.</p>
<p>For their valuable logistic and technical support during the Week, we are very grateful to Aurore Graeven (ULiège Library), Danielle Bartholoméus, Vinciane Godfrind, and Prof. Jean-Pierre Schneiders (ULiège Mathematics Department).</p>
<p>Finally, the editors wish to thank Bernard Pochet for his advice on the use of Pressbooks to get this book into shape and to Sarah Trautes for the design of the book cover.</p>
