{"id":664,"date":"2025-06-06T10:39:14","date_gmt":"2025-06-06T08:39:14","guid":{"rendered":"https:\/\/e-publish.uliege.be\/opening-up-our-heritage\/?post_type=back-matter&#038;p=664"},"modified":"2025-07-16T15:28:03","modified_gmt":"2025-07-16T13:28:03","slug":"acknowledgements","status":"publish","type":"back-matter","link":"https:\/\/e-publish.uliege.be\/opening-up-our-heritage\/back-matter\/acknowledgements\/","title":{"raw":"Acknowledgements","rendered":"Acknowledgements"},"content":{"raw":"The editors sincerely wish to thank all librarians, curators, researchers, and project managers who participated in the 2024 edition of the Erasmus Staff Training Week and shared their experiences and visions in relation to the theme of the Week.\r\n\r\nWe extend our sincere gratitude to Paul Thirion, Chief Librarian of the University of Li\u00e8ge, and St\u00e9phanie Simon, Operations Director at ULi\u00e8ge Library, for their steadfast support of initiatives such as this event and the subsequent publication process.\r\n\r\nThe editors also wish to express their sincere appreciation to Prof. Michel Moutschen, Vice-Rector for Research and President of ULi\u00e8ge Library, Prof. Pierre Duysinx, Vice-Rector for Mobility and International Affairs, and Prof. Pierre Hallot, Dean of the Faculty of Architecture, for their availability and continued support.\r\n\r\nWe further convey our appreciation to all colleagues from ULi\u00e8ge Library who, during the Erasmus Week, kindly devoted their time to leading and supervising workshops and visits to library branches, heritage collections, and the digitisation unit: Marjorie Bardiau, L\u00e9na Cauchie, Dominique Chalono, Christophe Dony, Aline Gavage, R\u00e9my Lhoest, Adrien Mathy, C\u00e9cile Nissen, Fabienne Prosmans, and Fr\u00e9d\u00e9rick Vanhoorne.\r\n\r\nWe express our deepest thanks to the team of the International Relations Office of the University of Li\u00e8ge, especially Oriana Bertucci, Julie Hollenfeltz, and Dominique d'Arripe, for their administrative and financial support. Without their invaluable help, it would not have been possible to organise this ninth edition of the Erasmus Week.\r\n\r\nFor their valuable logistical and technical support during the Week, we are very grateful to Aurore Graeven (ULi\u00e8ge Library) and Patricia Heusden (Faculty of Philosophy and Arts).\r\n\r\nWe also wish to thank the <em>Presses Universitaires de Li\u00e8ge<\/em> for accepting the publication of this volume within their collections, while simultaneously enabling its open access dissemination. This dual approach reflects their commitment to the University of Li\u00e8ge's 2023\u20132028 Open Science roadmap, and demonstrates that open digital publishing and traditional academic publishing can successfully coexist. We extend our special thanks to Prof. Geoffrey Grandjean, Managing Director, and Cathy Prince, Editorial Director, for the thoughtful and attentive support they provided throughout the development of this project.\r\n\r\nFinally, the editors wish to thank Pascale Renders (ULi\u00e8ge Library, Open Digital Publishing) for her advice on the use of Pressbooks to shape this book, and Charlotte Rambeaux for the design of the PDF export.","rendered":"<p>The editors sincerely wish to thank all librarians, curators, researchers, and project managers who participated in the 2024 edition of the Erasmus Staff Training Week and shared their experiences and visions in relation to the theme of the Week.<\/p>\n<p>We extend our sincere gratitude to Paul Thirion, Chief Librarian of the University of Li\u00e8ge, and St\u00e9phanie Simon, Operations Director at ULi\u00e8ge Library, for their steadfast support of initiatives such as this event and the subsequent publication process.<\/p>\n<p>The editors also wish to express their sincere appreciation to Prof. Michel Moutschen, Vice-Rector for Research and President of ULi\u00e8ge Library, Prof. Pierre Duysinx, Vice-Rector for Mobility and International Affairs, and Prof. Pierre Hallot, Dean of the Faculty of Architecture, for their availability and continued support.<\/p>\n<p>We further convey our appreciation to all colleagues from ULi\u00e8ge Library who, during the Erasmus Week, kindly devoted their time to leading and supervising workshops and visits to library branches, heritage collections, and the digitisation unit: Marjorie Bardiau, L\u00e9na Cauchie, Dominique Chalono, Christophe Dony, Aline Gavage, R\u00e9my Lhoest, Adrien Mathy, C\u00e9cile Nissen, Fabienne Prosmans, and Fr\u00e9d\u00e9rick Vanhoorne.<\/p>\n<p>We express our deepest thanks to the team of the International Relations Office of the University of Li\u00e8ge, especially Oriana Bertucci, Julie Hollenfeltz, and Dominique d&#8217;Arripe, for their administrative and financial support. Without their invaluable help, it would not have been possible to organise this ninth edition of the Erasmus Week.<\/p>\n<p>For their valuable logistical and technical support during the Week, we are very grateful to Aurore Graeven (ULi\u00e8ge Library) and Patricia Heusden (Faculty of Philosophy and Arts).<\/p>\n<p>We also wish to thank the <em>Presses Universitaires de Li\u00e8ge<\/em> for accepting the publication of this volume within their collections, while simultaneously enabling its open access dissemination. This dual approach reflects their commitment to the University of Li\u00e8ge&#8217;s 2023\u20132028 Open Science roadmap, and demonstrates that open digital publishing and traditional academic publishing can successfully coexist. We extend our special thanks to Prof. Geoffrey Grandjean, Managing Director, and Cathy Prince, Editorial Director, for the thoughtful and attentive support they provided throughout the development of this project.<\/p>\n<p>Finally, the editors wish to thank Pascale Renders (ULi\u00e8ge Library, Open Digital Publishing) for her advice on the use of Pressbooks to shape this book, and Charlotte Rambeaux for the design of the PDF export.<\/p>\n","protected":false},"author":15,"menu_order":2,"template":"","meta":{"pb_show_title":"on","pb_short_title":"Acknowledgements","pb_subtitle":"","pb_authors":[],"pb_section_license":""},"back-matter-type":[25],"contributor":[],"license":[],"class_list":["post-664","back-matter","type-back-matter","status-publish","hentry","back-matter-type-acknowledgements"],"_links":{"self":[{"href":"https:\/\/e-publish.uliege.be\/opening-up-our-heritage\/wp-json\/pressbooks\/v2\/back-matter\/664"}],"collection":[{"href":"https:\/\/e-publish.uliege.be\/opening-up-our-heritage\/wp-json\/pressbooks\/v2\/back-matter"}],"about":[{"href":"https:\/\/e-publish.uliege.be\/opening-up-our-heritage\/wp-json\/wp\/v2\/types\/back-matter"}],"author":[{"embeddable":true,"href":"https:\/\/e-publish.uliege.be\/opening-up-our-heritage\/wp-json\/wp\/v2\/users\/15"}],"version-history":[{"count":12,"href":"https:\/\/e-publish.uliege.be\/opening-up-our-heritage\/wp-json\/pressbooks\/v2\/back-matter\/664\/revisions"}],"predecessor-version":[{"id":1109,"href":"https:\/\/e-publish.uliege.be\/opening-up-our-heritage\/wp-json\/pressbooks\/v2\/back-matter\/664\/revisions\/1109"}],"metadata":[{"href":"https:\/\/e-publish.uliege.be\/opening-up-our-heritage\/wp-json\/pressbooks\/v2\/back-matter\/664\/metadata\/"}],"wp:attachment":[{"href":"https:\/\/e-publish.uliege.be\/opening-up-our-heritage\/wp-json\/wp\/v2\/media?parent=664"}],"wp:term":[{"taxonomy":"back-matter-type","embeddable":true,"href":"https:\/\/e-publish.uliege.be\/opening-up-our-heritage\/wp-json\/pressbooks\/v2\/back-matter-type?post=664"},{"taxonomy":"contributor","embeddable":true,"href":"https:\/\/e-publish.uliege.be\/opening-up-our-heritage\/wp-json\/wp\/v2\/contributor?post=664"},{"taxonomy":"license","embeddable":true,"href":"https:\/\/e-publish.uliege.be\/opening-up-our-heritage\/wp-json\/wp\/v2\/license?post=664"}],"curies":[{"name":"wp","href":"https:\/\/api.w.org\/{rel}","templated":true}]}}

The editors sincerely wish to thank all librarians, curators, researchers, and project managers who participated in the 2024 edition of the Erasmus Staff Training Week and shared their experiences and visions in relation to the theme of the Week.

We extend our sincere gratitude to Paul Thirion, Chief Librarian of the University of Liège, and Stéphanie Simon, Operations Director at ULiège Library, for their steadfast support of initiatives such as this event and the subsequent publication process.

The editors also wish to express their sincere appreciation to Prof. Michel Moutschen, Vice-Rector for Research and President of ULiège Library, Prof. Pierre Duysinx, Vice-Rector for Mobility and International Affairs, and Prof. Pierre Hallot, Dean of the Faculty of Architecture, for their availability and continued support.

We further convey our appreciation to all colleagues from ULiège Library who, during the Erasmus Week, kindly devoted their time to leading and supervising workshops and visits to library branches, heritage collections, and the digitisation unit: Marjorie Bardiau, Léna Cauchie, Dominique Chalono, Christophe Dony, Aline Gavage, Rémy Lhoest, Adrien Mathy, Cécile Nissen, Fabienne Prosmans, and Frédérick Vanhoorne.

We express our deepest thanks to the team of the International Relations Office of the University of Liège, especially Oriana Bertucci, Julie Hollenfeltz, and Dominique d'Arripe, for their administrative and financial support. Without their invaluable help, it would not have been possible to organise this ninth edition of the Erasmus Week.

For their valuable logistical and technical support during the Week, we are very grateful to Aurore Graeven (ULiège Library) and Patricia Heusden (Faculty of Philosophy and Arts).

We also wish to thank the <em>Presses Universitaires de Liège</em> for accepting the publication of this volume within their collections, while simultaneously enabling its open access dissemination. This dual approach reflects their commitment to the University of Liège's 2023–2028 Open Science roadmap, and demonstrates that open digital publishing and traditional academic publishing can successfully coexist. We extend our special thanks to Prof. Geoffrey Grandjean, Managing Director, and Cathy Prince, Editorial Director, for the thoughtful and attentive support they provided throughout the development of this project.

Finally, the editors wish to thank Pascale Renders (ULiège Library, Open Digital Publishing) for her advice on the use of Pressbooks to shape this book, and Charlotte Rambeaux for the design of the PDF export.

<p>The editors sincerely wish to thank all librarians, curators, researchers, and project managers who participated in the 2024 edition of the Erasmus Staff Training Week and shared their experiences and visions in relation to the theme of the Week.</p>
<p>We extend our sincere gratitude to Paul Thirion, Chief Librarian of the University of Liège, and Stéphanie Simon, Operations Director at ULiège Library, for their steadfast support of initiatives such as this event and the subsequent publication process.</p>
<p>The editors also wish to express their sincere appreciation to Prof. Michel Moutschen, Vice-Rector for Research and President of ULiège Library, Prof. Pierre Duysinx, Vice-Rector for Mobility and International Affairs, and Prof. Pierre Hallot, Dean of the Faculty of Architecture, for their availability and continued support.</p>
<p>We further convey our appreciation to all colleagues from ULiège Library who, during the Erasmus Week, kindly devoted their time to leading and supervising workshops and visits to library branches, heritage collections, and the digitisation unit: Marjorie Bardiau, Léna Cauchie, Dominique Chalono, Christophe Dony, Aline Gavage, Rémy Lhoest, Adrien Mathy, Cécile Nissen, Fabienne Prosmans, and Frédérick Vanhoorne.</p>
<p>We express our deepest thanks to the team of the International Relations Office of the University of Liège, especially Oriana Bertucci, Julie Hollenfeltz, and Dominique d&#8217;Arripe, for their administrative and financial support. Without their invaluable help, it would not have been possible to organise this ninth edition of the Erasmus Week.</p>
<p>For their valuable logistical and technical support during the Week, we are very grateful to Aurore Graeven (ULiège Library) and Patricia Heusden (Faculty of Philosophy and Arts).</p>
<p>We also wish to thank the <em>Presses Universitaires de Liège</em> for accepting the publication of this volume within their collections, while simultaneously enabling its open access dissemination. This dual approach reflects their commitment to the University of Liège&#8217;s 2023–2028 Open Science roadmap, and demonstrates that open digital publishing and traditional academic publishing can successfully coexist. We extend our special thanks to Prof. Geoffrey Grandjean, Managing Director, and Cathy Prince, Editorial Director, for the thoughtful and attentive support they provided throughout the development of this project.</p>
<p>Finally, the editors wish to thank Pascale Renders (ULiège Library, Open Digital Publishing) for her advice on the use of Pressbooks to shape this book, and Charlotte Rambeaux for the design of the PDF export.</p>
