{"id":106,"date":"2020-09-01T14:13:04","date_gmt":"2020-09-01T14:13:04","guid":{"rendered":"https:\/\/e-publish.uliege.be\/vfurnelle20\/?post_type=chapter&#038;p=106"},"modified":"2020-11-09T10:22:41","modified_gmt":"2020-11-09T10:22:41","slug":"10a-le-zoning-des-champs","status":"publish","type":"chapter","link":"https:\/\/e-publish.uliege.be\/vfurnelle20\/chapter\/10a-le-zoning-des-champs\/","title":{"raw":"10a. Le zoning des champs","rendered":"10a. Le zoning des champs"},"content":{"raw":"<p class=\"western\" lang=\"fr-BE\" align=\"justify\">Qui sont les progressistes ? Ceux qui entendent conduire leur r\u00e9gion \u00e0 l\u2019heure d\u2019aujourd\u2019hui et \u00e0 rejoindre la modernit\u00e9\u00a0? Ou ceux qui, tournant le dos \u00e0 cette modernit\u00e9 d\u00e9j\u00e0 d\u00e9pass\u00e9e, se voudraient visionnaires et cherchent un avenir diff\u00e9rent\u00a0? Les deux orientations se traduisent par des propositions radicalement diff\u00e9rentes d\u2019am\u00e9nagement du territoire. La premi\u00e8re voie domine largement.<\/p>\r\n<p class=\"western\" lang=\"fr-BE\" align=\"justify\">Proche de l\u2019autoroute, un nouveau zoning s\u2019installe. Une zone agricole se transforme en p\u00f4le \u00e9conomique. Comme \u00e0 peu pr\u00e8s tous les habitants des environs, je ne fr\u00e9quente pas les lieux, je les devine de l\u2019autoroute. Une nouvelle route a surgi un jour, partant du bout d\u2019un quartier r\u00e9sidentiel et rejoignant \u00e0 l\u2019autre bout une entr\u00e9e de l\u2019autoroute. Une position strat\u00e9gique. Aujourd\u2019hui, j\u2019y ai jet\u00e9 un \u0153il. Curieux paysage, malheureusement ordinaire et tellement pr\u00e9visible.<\/p>\r\n<p class=\"western\" lang=\"fr-BE\" align=\"justify\">De larges avenues, bord\u00e9es de r\u00e9verb\u00e8res, quadrillent m\u00e9thodiquement le plateau situ\u00e9 entre l\u2019autoroute et les habitations. Ces infrastructures soign\u00e9es attireront \u00e0 coup s\u00fbr les investisseurs. La superficie \u2013 une grande plaque de Lego sans relief \u2013 est d\u00e9j\u00e0 structur\u00e9e. Des extensions sont possibles. Des embranchements sont d\u00e9j\u00e0 pr\u00e9sents, s\u2019achevant pour l\u2019heure dans les champs. Il n\u2019y a plus qu\u2019\u00e0 remplir le vide.<\/p>\r\n<p class=\"western\" lang=\"fr-BE\" align=\"justify\">Le processus est en cours. Quelques gros cubes gris sont d\u00e9j\u00e0 d\u00e9pos\u00e9s de loin en loin. La logique des implantations me surprend : un tout gros cube \u00e0 l\u2019entr\u00e9e du site, un autre quelques centaines de m\u00e8tres plus loin, deux ou trois autres plusieurs centaines de m\u00e8tres plus loin encore, le long de l\u2019autoroute. A-t-on voulu partir de tous les c\u00f4t\u00e9s \u00e0 la fois, en envisageant de combler ult\u00e9rieurement les trous ? A-t-on laiss\u00e9 les premiers investisseurs s\u2019octroyer les emplacements de choix ? Un peu les deux sans doute.<\/p>\r\n<p class=\"western\" lang=\"fr-BE\" align=\"justify\">Entre ces grandes bo\u00eetes, les terres sont encore cultiv\u00e9es. Des champs de c\u00e9r\u00e9ales pour l\u2019essentiel, qui, \u00e0 la premi\u00e8re occasion venue, c\u00e9deront la place \u00e0 de nouveaux cubes. \u00c0 terme, l\u2019agriculture sera expuls\u00e9e.<\/p>\r\n<p class=\"western\" lang=\"fr-BE\" align=\"justify\">Quant aux b\u00e2timents, en b\u00e9ton, en acier et en t\u00f4le, aveugles pour l\u2019essentiel, ils sont dot\u00e9s de grands volets pour faire entrer et sortir les marchandises, entour\u00e9s d\u2019un grand rev\u00eatement b\u00e9tonn\u00e9 pour faciliter le va-et-vient des camions. Le mod\u00e8le est universel.<\/p>\r\n<p class=\"western\" lang=\"fr-BE\" align=\"justify\">Transformer un plateau agricole en une \u00e9tendue la plus plane possible, y dessiner arbitrairement un quadrilat\u00e8re de voies de circulation et y d\u00e9poser des bo\u00eetes \u00e0 chaussures. Cette fa\u00e7on d\u2019occuper l\u2019espace me d\u00e9sole. Son simplisme est d\u2019une grande violence, n\u00e9gation du paysage.<\/p>\r\n<p class=\"western\" lang=\"fr-BE\" align=\"justify\">Sans doute personne n\u2019a l\u2019id\u00e9e qu\u2019il y a ici un paysage. Pour tout \u00eatre dou\u00e9 de \u00ab\u00a0sens commercial\u00a0\u00bb, ce sont des terres \u00e0 exploiter et des espaces \u00e0 rentabiliser. Le site est une opportunit\u00e9 \u00e0 ne pas manquer. La proximit\u00e9 de l\u2019autoroute entrave la construction de maisons, est en revanche id\u00e9ale pour implanter des \u00ab\u00a0\u00a0zones artisanales\u00a0\u00bb. \u00catre connect\u00e9 au r\u00e9seau des grands axes, eux-m\u00eames connect\u00e9s aux ports de commerce et aux a\u00e9roports internationaux, c\u2019est aujourd\u2019hui un enjeu \u00e9conomique crucial. Sous l\u2019effet de cette connexion doit venir la croissance, credo dogmatique de l\u2019\u00e9poque. La fortune vous tend les bras.<\/p>\r\n<p class=\"western\" lang=\"fr-BE\" align=\"justify\">De quoi nous plaindrions-nous ? Gr\u00e2ce \u00e0 de tels p\u00f4les \u00e9conomiques, nous et nos concitoyens allons pouvoir augmenter notre \u00ab\u00a0pouvoir d\u2019achat\u00a0\u00bb, nous acheter des voitures, nous construire des maisons, partir en vacances en avion\u2026 Nous sommes tous les \u00ab\u00a0heureux b\u00e9n\u00e9ficiaires\u00a0\u00bb de ces p\u00f4les, tous complices.<\/p>\r\n<p class=\"western\" lang=\"fr-BE\" align=\"justify\">En l\u2019espace de quelques d\u00e9cennies, nous sommes pass\u00e9s d\u2019une logique territoriale \u00e0 une logique de r\u00e9seau[footnote]MONTULET, Bertrand, <i>Les enjeux spatio-temporels du social\u00a0: mobilit\u00e9s<\/i>, Paris, L\u2019Harmattan, 1998.[\/footnote]. Une ville, un territoire, la moindre petite parcelle, ne vaut que par son inscription dans ce r\u00e9seau d\u2019\u00e9changes internationaux. Ce serait la seule possibilit\u00e9 d\u2019\u00e9chapper \u00e0 la d\u00e9b\u00e2cle et la mis\u00e8re. B\u00e9nissons les bo\u00eetes \u00e0 chaussures\u00a0! Remercions ceux qui ont su attirer les investisseurs\u00a0!<\/p>\r\n<p class=\"western\" lang=\"fr-BE\" align=\"justify\">\u00c0 moins que ce mod\u00e8le ne soit d\u00e9j\u00e0 r\u00e9volu, que l\u2019avenir s\u2019en soit d\u00e9j\u00e0 all\u00e9 ailleurs.<\/p>","rendered":"<p class=\"western\" lang=\"fr-BE\" style=\"text-align: justify;\">Qui sont les progressistes ? Ceux qui entendent conduire leur r\u00e9gion \u00e0 l\u2019heure d\u2019aujourd\u2019hui et \u00e0 rejoindre la modernit\u00e9\u00a0? Ou ceux qui, tournant le dos \u00e0 cette modernit\u00e9 d\u00e9j\u00e0 d\u00e9pass\u00e9e, se voudraient visionnaires et cherchent un avenir diff\u00e9rent\u00a0? Les deux orientations se traduisent par des propositions radicalement diff\u00e9rentes d\u2019am\u00e9nagement du territoire. La premi\u00e8re voie domine largement.<\/p>\n<p class=\"western\" lang=\"fr-BE\" style=\"text-align: justify;\">Proche de l\u2019autoroute, un nouveau zoning s\u2019installe. Une zone agricole se transforme en p\u00f4le \u00e9conomique. Comme \u00e0 peu pr\u00e8s tous les habitants des environs, je ne fr\u00e9quente pas les lieux, je les devine de l\u2019autoroute. Une nouvelle route a surgi un jour, partant du bout d\u2019un quartier r\u00e9sidentiel et rejoignant \u00e0 l\u2019autre bout une entr\u00e9e de l\u2019autoroute. Une position strat\u00e9gique. Aujourd\u2019hui, j\u2019y ai jet\u00e9 un \u0153il. Curieux paysage, malheureusement ordinaire et tellement pr\u00e9visible.<\/p>\n<p class=\"western\" lang=\"fr-BE\" style=\"text-align: justify;\">De larges avenues, bord\u00e9es de r\u00e9verb\u00e8res, quadrillent m\u00e9thodiquement le plateau situ\u00e9 entre l\u2019autoroute et les habitations. Ces infrastructures soign\u00e9es attireront \u00e0 coup s\u00fbr les investisseurs. La superficie \u2013 une grande plaque de Lego sans relief \u2013 est d\u00e9j\u00e0 structur\u00e9e. Des extensions sont possibles. Des embranchements sont d\u00e9j\u00e0 pr\u00e9sents, s\u2019achevant pour l\u2019heure dans les champs. Il n\u2019y a plus qu\u2019\u00e0 remplir le vide.<\/p>\n<p class=\"western\" lang=\"fr-BE\" style=\"text-align: justify;\">Le processus est en cours. Quelques gros cubes gris sont d\u00e9j\u00e0 d\u00e9pos\u00e9s de loin en loin. La logique des implantations me surprend : un tout gros cube \u00e0 l\u2019entr\u00e9e du site, un autre quelques centaines de m\u00e8tres plus loin, deux ou trois autres plusieurs centaines de m\u00e8tres plus loin encore, le long de l\u2019autoroute. A-t-on voulu partir de tous les c\u00f4t\u00e9s \u00e0 la fois, en envisageant de combler ult\u00e9rieurement les trous ? A-t-on laiss\u00e9 les premiers investisseurs s\u2019octroyer les emplacements de choix ? Un peu les deux sans doute.<\/p>\n<p class=\"western\" lang=\"fr-BE\" style=\"text-align: justify;\">Entre ces grandes bo\u00eetes, les terres sont encore cultiv\u00e9es. Des champs de c\u00e9r\u00e9ales pour l\u2019essentiel, qui, \u00e0 la premi\u00e8re occasion venue, c\u00e9deront la place \u00e0 de nouveaux cubes. \u00c0 terme, l\u2019agriculture sera expuls\u00e9e.<\/p>\n<p class=\"western\" lang=\"fr-BE\" style=\"text-align: justify;\">Quant aux b\u00e2timents, en b\u00e9ton, en acier et en t\u00f4le, aveugles pour l\u2019essentiel, ils sont dot\u00e9s de grands volets pour faire entrer et sortir les marchandises, entour\u00e9s d\u2019un grand rev\u00eatement b\u00e9tonn\u00e9 pour faciliter le va-et-vient des camions. Le mod\u00e8le est universel.<\/p>\n<p class=\"western\" lang=\"fr-BE\" style=\"text-align: justify;\">Transformer un plateau agricole en une \u00e9tendue la plus plane possible, y dessiner arbitrairement un quadrilat\u00e8re de voies de circulation et y d\u00e9poser des bo\u00eetes \u00e0 chaussures. Cette fa\u00e7on d\u2019occuper l\u2019espace me d\u00e9sole. Son simplisme est d\u2019une grande violence, n\u00e9gation du paysage.<\/p>\n<p class=\"western\" lang=\"fr-BE\" style=\"text-align: justify;\">Sans doute personne n\u2019a l\u2019id\u00e9e qu\u2019il y a ici un paysage. Pour tout \u00eatre dou\u00e9 de \u00ab\u00a0sens commercial\u00a0\u00bb, ce sont des terres \u00e0 exploiter et des espaces \u00e0 rentabiliser. Le site est une opportunit\u00e9 \u00e0 ne pas manquer. La proximit\u00e9 de l\u2019autoroute entrave la construction de maisons, est en revanche id\u00e9ale pour implanter des \u00ab\u00a0\u00a0zones artisanales\u00a0\u00bb. \u00catre connect\u00e9 au r\u00e9seau des grands axes, eux-m\u00eames connect\u00e9s aux ports de commerce et aux a\u00e9roports internationaux, c\u2019est aujourd\u2019hui un enjeu \u00e9conomique crucial. Sous l\u2019effet de cette connexion doit venir la croissance, credo dogmatique de l\u2019\u00e9poque. La fortune vous tend les bras.<\/p>\n<p class=\"western\" lang=\"fr-BE\" style=\"text-align: justify;\">De quoi nous plaindrions-nous ? Gr\u00e2ce \u00e0 de tels p\u00f4les \u00e9conomiques, nous et nos concitoyens allons pouvoir augmenter notre \u00ab\u00a0pouvoir d\u2019achat\u00a0\u00bb, nous acheter des voitures, nous construire des maisons, partir en vacances en avion\u2026 Nous sommes tous les \u00ab\u00a0heureux b\u00e9n\u00e9ficiaires\u00a0\u00bb de ces p\u00f4les, tous complices.<\/p>\n<p class=\"western\" lang=\"fr-BE\" style=\"text-align: justify;\">En l\u2019espace de quelques d\u00e9cennies, nous sommes pass\u00e9s d\u2019une logique territoriale \u00e0 une logique de r\u00e9seau<a class=\"footnote\" title=\"MONTULET, Bertrand, Les enjeux spatio-temporels du social\u00a0: mobilit\u00e9s, Paris, L\u2019Harmattan, 1998.\" id=\"return-footnote-106-1\" href=\"#footnote-106-1\" aria-label=\"Footnote 1\"><sup class=\"footnote\">[1]<\/sup><\/a>. Une ville, un territoire, la moindre petite parcelle, ne vaut que par son inscription dans ce r\u00e9seau d\u2019\u00e9changes internationaux. Ce serait la seule possibilit\u00e9 d\u2019\u00e9chapper \u00e0 la d\u00e9b\u00e2cle et la mis\u00e8re. B\u00e9nissons les bo\u00eetes \u00e0 chaussures\u00a0! Remercions ceux qui ont su attirer les investisseurs\u00a0!<\/p>\n<p class=\"western\" lang=\"fr-BE\" style=\"text-align: justify;\">\u00c0 moins que ce mod\u00e8le ne soit d\u00e9j\u00e0 r\u00e9volu, que l\u2019avenir s\u2019en soit d\u00e9j\u00e0 all\u00e9 ailleurs.<\/p>\n<hr class=\"before-footnotes clear\" \/><div class=\"footnotes\"><ol><li id=\"footnote-106-1\">MONTULET, Bertrand, <i>Les enjeux spatio-temporels du social\u00a0: mobilit\u00e9s<\/i>, Paris, L\u2019Harmattan, 1998. <a href=\"#return-footnote-106-1\" class=\"return-footnote\" aria-label=\"Return to footnote 1\">&crarr;<\/a><\/li><\/ol><\/div>","protected":false},"author":1,"menu_order":8,"template":"","meta":{"pb_show_title":"on","pb_short_title":"","pb_subtitle":"","pb_authors":[],"pb_section_license":""},"chapter-type":[],"contributor":[],"license":[],"class_list":["post-106","chapter","type-chapter","status-publish","hentry"],"part":34,"_links":{"self":[{"href":"https:\/\/e-publish.uliege.be\/vfurnelle20\/wp-json\/pressbooks\/v2\/chapters\/106"}],"collection":[{"href":"https:\/\/e-publish.uliege.be\/vfurnelle20\/wp-json\/pressbooks\/v2\/chapters"}],"about":[{"href":"https:\/\/e-publish.uliege.be\/vfurnelle20\/wp-json\/wp\/v2\/types\/chapter"}],"author":[{"embeddable":true,"href":"https:\/\/e-publish.uliege.be\/vfurnelle20\/wp-json\/wp\/v2\/users\/1"}],"version-history":[{"count":5,"href":"https:\/\/e-publish.uliege.be\/vfurnelle20\/wp-json\/pressbooks\/v2\/chapters\/106\/revisions"}],"predecessor-version":[{"id":295,"href":"https:\/\/e-publish.uliege.be\/vfurnelle20\/wp-json\/pressbooks\/v2\/chapters\/106\/revisions\/295"}],"part":[{"href":"https:\/\/e-publish.uliege.be\/vfurnelle20\/wp-json\/pressbooks\/v2\/parts\/34"}],"metadata":[{"href":"https:\/\/e-publish.uliege.be\/vfurnelle20\/wp-json\/pressbooks\/v2\/chapters\/106\/metadata\/"}],"wp:attachment":[{"href":"https:\/\/e-publish.uliege.be\/vfurnelle20\/wp-json\/wp\/v2\/media?parent=106"}],"wp:term":[{"taxonomy":"chapter-type","embeddable":true,"href":"https:\/\/e-publish.uliege.be\/vfurnelle20\/wp-json\/pressbooks\/v2\/chapter-type?post=106"},{"taxonomy":"contributor","embeddable":true,"href":"https:\/\/e-publish.uliege.be\/vfurnelle20\/wp-json\/wp\/v2\/contributor?post=106"},{"taxonomy":"license","embeddable":true,"href":"https:\/\/e-publish.uliege.be\/vfurnelle20\/wp-json\/wp\/v2\/license?post=106"}],"curies":[{"name":"wp","href":"https:\/\/api.w.org\/{rel}","templated":true}]}}

<p class="western" lang="fr-BE" align="justify">Qui sont les progressistes ? Ceux qui entendent conduire leur région à l’heure d’aujourd’hui et à rejoindre la modernité ? Ou ceux qui, tournant le dos à cette modernité déjà dépassée, se voudraient visionnaires et cherchent un avenir différent ? Les deux orientations se traduisent par des propositions radicalement différentes d’aménagement du territoire. La première voie domine largement.</p>
<p class="western" lang="fr-BE" align="justify">Proche de l’autoroute, un nouveau zoning s’installe. Une zone agricole se transforme en pôle économique. Comme à peu près tous les habitants des environs, je ne fréquente pas les lieux, je les devine de l’autoroute. Une nouvelle route a surgi un jour, partant du bout d’un quartier résidentiel et rejoignant à l’autre bout une entrée de l’autoroute. Une position stratégique. Aujourd’hui, j’y ai jeté un œil. Curieux paysage, malheureusement ordinaire et tellement prévisible.</p>
<p class="western" lang="fr-BE" align="justify">De larges avenues, bordées de réverbères, quadrillent méthodiquement le plateau situé entre l’autoroute et les habitations. Ces infrastructures soignées attireront à coup sûr les investisseurs. La superficie – une grande plaque de Lego sans relief – est déjà structurée. Des extensions sont possibles. Des embranchements sont déjà présents, s’achevant pour l’heure dans les champs. Il n’y a plus qu’à remplir le vide.</p>
<p class="western" lang="fr-BE" align="justify">Le processus est en cours. Quelques gros cubes gris sont déjà déposés de loin en loin. La logique des implantations me surprend : un tout gros cube à l’entrée du site, un autre quelques centaines de mètres plus loin, deux ou trois autres plusieurs centaines de mètres plus loin encore, le long de l’autoroute. A-t-on voulu partir de tous les côtés à la fois, en envisageant de combler ultérieurement les trous ? A-t-on laissé les premiers investisseurs s’octroyer les emplacements de choix ? Un peu les deux sans doute.</p>
<p class="western" lang="fr-BE" align="justify">Entre ces grandes boîtes, les terres sont encore cultivées. Des champs de céréales pour l’essentiel, qui, à la première occasion venue, céderont la place à de nouveaux cubes. À terme, l’agriculture sera expulsée.</p>
<p class="western" lang="fr-BE" align="justify">Quant aux bâtiments, en béton, en acier et en tôle, aveugles pour l’essentiel, ils sont dotés de grands volets pour faire entrer et sortir les marchandises, entourés d’un grand revêtement bétonné pour faciliter le va-et-vient des camions. Le modèle est universel.</p>
<p class="western" lang="fr-BE" align="justify">Transformer un plateau agricole en une étendue la plus plane possible, y dessiner arbitrairement un quadrilatère de voies de circulation et y déposer des boîtes à chaussures. Cette façon d’occuper l’espace me désole. Son simplisme est d’une grande violence, négation du paysage.</p>
<p class="western" lang="fr-BE" align="justify">Sans doute personne n’a l’idée qu’il y a ici un paysage. Pour tout être doué de « sens commercial », ce sont des terres à exploiter et des espaces à rentabiliser. Le site est une opportunité à ne pas manquer. La proximité de l’autoroute entrave la construction de maisons, est en revanche idéale pour implanter des «  zones artisanales ». Être connecté au réseau des grands axes, eux-mêmes connectés aux ports de commerce et aux aéroports internationaux, c’est aujourd’hui un enjeu économique crucial. Sous l’effet de cette connexion doit venir la croissance, credo dogmatique de l’époque. La fortune vous tend les bras.</p>
<p class="western" lang="fr-BE" align="justify">De quoi nous plaindrions-nous ? Grâce à de tels pôles économiques, nous et nos concitoyens allons pouvoir augmenter notre « pouvoir d’achat », nous acheter des voitures, nous construire des maisons, partir en vacances en avion… Nous sommes tous les « heureux bénéficiaires » de ces pôles, tous complices.</p>
<p class="western" lang="fr-BE" align="justify">En l’espace de quelques décennies, nous sommes passés d’une logique territoriale à une logique de réseau[footnote]MONTULET, Bertrand, <i>Les enjeux spatio-temporels du social : mobilités</i>, Paris, L’Harmattan, 1998.[/footnote]. Une ville, un territoire, la moindre petite parcelle, ne vaut que par son inscription dans ce réseau d’échanges internationaux. Ce serait la seule possibilité d’échapper à la débâcle et la misère. Bénissons les boîtes à chaussures ! Remercions ceux qui ont su attirer les investisseurs !</p>
<p class="western" lang="fr-BE" align="justify">À moins que ce modèle ne soit déjà révolu, que l’avenir s’en soit déjà allé ailleurs.</p>

<p class="western" lang="fr-BE" style="text-align: justify;">Qui sont les progressistes ? Ceux qui entendent conduire leur région à l’heure d’aujourd’hui et à rejoindre la modernité ? Ou ceux qui, tournant le dos à cette modernité déjà dépassée, se voudraient visionnaires et cherchent un avenir différent ? Les deux orientations se traduisent par des propositions radicalement différentes d’aménagement du territoire. La première voie domine largement.</p>
<p class="western" lang="fr-BE" style="text-align: justify;">Proche de l’autoroute, un nouveau zoning s’installe. Une zone agricole se transforme en pôle économique. Comme à peu près tous les habitants des environs, je ne fréquente pas les lieux, je les devine de l’autoroute. Une nouvelle route a surgi un jour, partant du bout d’un quartier résidentiel et rejoignant à l’autre bout une entrée de l’autoroute. Une position stratégique. Aujourd’hui, j’y ai jeté un œil. Curieux paysage, malheureusement ordinaire et tellement prévisible.</p>
<p class="western" lang="fr-BE" style="text-align: justify;">De larges avenues, bordées de réverbères, quadrillent méthodiquement le plateau situé entre l’autoroute et les habitations. Ces infrastructures soignées attireront à coup sûr les investisseurs. La superficie – une grande plaque de Lego sans relief – est déjà structurée. Des extensions sont possibles. Des embranchements sont déjà présents, s’achevant pour l’heure dans les champs. Il n’y a plus qu’à remplir le vide.</p>
<p class="western" lang="fr-BE" style="text-align: justify;">Le processus est en cours. Quelques gros cubes gris sont déjà déposés de loin en loin. La logique des implantations me surprend : un tout gros cube à l’entrée du site, un autre quelques centaines de mètres plus loin, deux ou trois autres plusieurs centaines de mètres plus loin encore, le long de l’autoroute. A-t-on voulu partir de tous les côtés à la fois, en envisageant de combler ultérieurement les trous ? A-t-on laissé les premiers investisseurs s’octroyer les emplacements de choix ? Un peu les deux sans doute.</p>
<p class="western" lang="fr-BE" style="text-align: justify;">Entre ces grandes boîtes, les terres sont encore cultivées. Des champs de céréales pour l’essentiel, qui, à la première occasion venue, céderont la place à de nouveaux cubes. À terme, l’agriculture sera expulsée.</p>
<p class="western" lang="fr-BE" style="text-align: justify;">Quant aux bâtiments, en béton, en acier et en tôle, aveugles pour l’essentiel, ils sont dotés de grands volets pour faire entrer et sortir les marchandises, entourés d’un grand revêtement bétonné pour faciliter le va-et-vient des camions. Le modèle est universel.</p>
<p class="western" lang="fr-BE" style="text-align: justify;">Transformer un plateau agricole en une étendue la plus plane possible, y dessiner arbitrairement un quadrilatère de voies de circulation et y déposer des boîtes à chaussures. Cette façon d’occuper l’espace me désole. Son simplisme est d’une grande violence, négation du paysage.</p>
<p class="western" lang="fr-BE" style="text-align: justify;">Sans doute personne n’a l’idée qu’il y a ici un paysage. Pour tout être doué de « sens commercial », ce sont des terres à exploiter et des espaces à rentabiliser. Le site est une opportunité à ne pas manquer. La proximité de l’autoroute entrave la construction de maisons, est en revanche idéale pour implanter des «  zones artisanales ». Être connecté au réseau des grands axes, eux-mêmes connectés aux ports de commerce et aux aéroports internationaux, c’est aujourd’hui un enjeu économique crucial. Sous l’effet de cette connexion doit venir la croissance, credo dogmatique de l’époque. La fortune vous tend les bras.</p>
<p class="western" lang="fr-BE" style="text-align: justify;">De quoi nous plaindrions-nous ? Grâce à de tels pôles économiques, nous et nos concitoyens allons pouvoir augmenter notre « pouvoir d’achat », nous acheter des voitures, nous construire des maisons, partir en vacances en avion… Nous sommes tous les « heureux bénéficiaires » de ces pôles, tous complices.</p>
<p class="western" lang="fr-BE" style="text-align: justify;">En l’espace de quelques décennies, nous sommes passés d’une logique territoriale à une logique de réseau<a class="footnote" title="MONTULET, Bertrand, Les enjeux spatio-temporels du social : mobilités, Paris, L’Harmattan, 1998." id="return-footnote-106-1" href="#footnote-106-1" aria-label="Footnote 1"><sup class="footnote">[1]</sup></a>. Une ville, un territoire, la moindre petite parcelle, ne vaut que par son inscription dans ce réseau d’échanges internationaux. Ce serait la seule possibilité d’échapper à la débâcle et la misère. Bénissons les boîtes à chaussures ! Remercions ceux qui ont su attirer les investisseurs !</p>
<p class="western" lang="fr-BE" style="text-align: justify;">À moins que ce modèle ne soit déjà révolu, que l’avenir s’en soit déjà allé ailleurs.</p>
<hr class="before-footnotes clear" /><div class="footnotes"><ol><li id="footnote-106-1">MONTULET, Bertrand, <i>Les enjeux spatio-temporels du social : mobilités</i>, Paris, L’Harmattan, 1998. <a href="#return-footnote-106-1" class="return-footnote" aria-label="Return to footnote 1">&crarr;</a></li></ol></div>
